True
Does 55 divide 31469?
False
Is 234 a factor of 4138056?
True
Is 1125317 a multiple of 32?
False
Is 272071 a multiple of 13?
False
Is 2476 a factor of 1354372?
True
Is 19 a factor of 32465623?
True
Does 282 divide 145316?
False
Is 12 a factor of 17784?
True
Is 251978 a multiple of 228?
False
Does 35 divide 1163833?
False
Does 11 divide 129492?
True
Is 10485510 a multiple of 35?
True
Is 9368940 a multiple of 84?
True
Is 2 a factor of 3185832?
True
Is 297 a factor of 4185324?
True
Is 14 a factor of 1353968?
True
Is 70756 a multiple of 532?
True
Does 80 divide 1163760?
True
Is 12 a factor of 33084?
True
Does 197 divide 1220218?
True
Is 152388 a multiple of 83?
True
Does 393 divide 555309?
True
Is 117 a factor of 199441?
False
Is 7 a factor of 491393?
True
Is 8443140 a multiple of 6?
True
Is 10 a factor of 2602540?
True
Does 361 divide 26776453?
True
Is 5 a factor of 200977?
False
Does 268 divide 250703?
False
Is 162978 a multiple of 23?
True
Does 17 divide 2853891?
False
Is 204726 a multiple of 229?
True
Does 10 divide 2599?
False
Is 424817 a multiple of 287?
False
Does 22 divide 1777265?
False
Is 28 a factor of 96793?
False
Is 171 a factor of 10181853?
True
Is 17 a factor of 3047109?
False
Is 69 a factor of 2164403?
False
Is 781 a factor of 3921401?
True
Does 11 divide 57106?
False
Is 69 a factor of 3631677?
True
Is 258 a factor of 110686?
False
Is 3032849 even?
False
Is 6 a factor of 341019?
False
Does 5 divide 152769?
False
Is 2690400 a multiple of 760?
True
Is 603800 a multiple of 50?
True
Does 8 divide 137093?
False
Is 525512 a multiple of 3?
False
Is 98 a factor of 138486?
False
Is 247033 a multiple of 12?
False
Is 157352 a multiple of 10?
False
Is 54249 a multiple of 31?
False
Is 481 a factor of 5855694?
True
Does 6 divide 2497908?
True
Does 17 divide 33631?
False
Is 30 a factor of 794610?
True
Is 11779506 a multiple of 513?
True
Does 84 divide 197820?
True
Is 71 a factor of 17050098?
False
Does 3 divide 1545021?
True
Is 29 a factor of 10706184?
False
Does 122 divide 335439?
False
Is 7 a factor of 227139?
False
Is 4708053 a multiple of 30?
False
Is 101350 a multiple of 9?
False
Is 1607200 a multiple of 28?
True
Is 276 a factor of 302415?
False
Is 4 a factor of 57573?
False
Is 25 a factor of 282250?
True
Does 28 divide 322588?
True
Is 652848 a multiple of 609?
True
Is 324666 a multiple of 153?
True
Is 3488740 a multiple of 4?
True
Is 42 a factor of 48132?
True
Does 10 divide 64660?
True
Is 149335 a multiple of 4?
False
Is 248544 a multiple of 97?
False
Does 8 divide 11196?
False
Is 7 a factor of 11130?
True
Is 35781 a multiple of 61?
False
Is 203813 a multiple of 46?
False
Is 30 a factor of 306180?
True
Is 2150716 a multiple of 138?
False
Does 25 divide 3121350?
True
Is 1413908 a multiple of 556?
True
Is 3912922 a multiple of 23?
False
Does 9 divide 435390?
False
Does 11 divide 113850?
True
Is 16 a factor of 4359680?
True
Is 13 a factor of 128531?
True
Is 405076 a multiple of 322?
True
Is 18297751 a multiple of 147?
False
Is 30372318 a multiple of 801?
True
Is 129 a factor of 205898?
False
Is 26 a factor of 46340?
False
Does 3 divide 389795?
False
Does 56 divide 14580888?
True
Is 139314 a multiple of 651?
True
Is 543920 a multiple of 13?
True
Is 23 a factor of 12252?
False
Is 14674410 a multiple of 18?
True
Is 4321301 a multiple of 898?
False
Is 790652 a multiple of 918?
False
Does 7 divide 110854?
False
Is 132 a factor of 22394988?
True
Does 16 divide 555664?
True
Is 25757249 a multiple of 13?
False
Is 26 a factor of 2029383?
False
Does 4 divide 134398?
False
Is 823998 a multiple of 3?
True
Does 21 divide 8208?
False
Does 14 divide 3411587?
False
Is 89 a factor of 59007?
True
Does 37 divide 527790?
False
Is 859264 a multiple of 16?
True
Does 5 divide 939158?
False
Is 306820 a multiple of 529?
True
Does 35 divide 1472100?
True
Is 2491850 a multiple of 475?
True
Is 4478750 a multiple of 20?
False
Is 88 a factor of 746680?
True
Is 37 a factor of 4257146?
True
Does 7 divide 238126?
True
Does 1150 divide 589640?
False
Does 349 divide 74901?
False
Is 87492 a multiple of 23?
True
Is 16188 a multiple of 47?
False
Is 245375 a multiple of 3?
False
Does 114 divide 670102?
False
Is 448672 a multiple of 28?
True
Does 1399 divide 623954?
True
Is 130 a factor of 53690?
True
Does 20 divide 667280?
True
Is 794120 a multiple of 62?
False
Does 100 divide 363100?
True
Is 1091173 a multiple of 908?
False
Is 354393 a multiple of 9?
True
Is 11 a factor of 2683868?
True
Is 116415 a multiple of 199?
True
Is 30 a factor of 139819?
False
Is 1499839 a multiple of 15?
False
Does 1348 divide 1074356?
True
Is 2960056 a multiple of 22?
True
Does 35 divide 5775?
True
Is 9 a factor of 180846?
True
Is 2126321 a multiple of 39?
False
Is 215 a factor of 861704?
False
Is 148 a factor of 108832?
False
Is 16 a factor of 18968637?
False
Does 34 divide 84893?
False
Does 11 divide 7962944?
True
Does 3 divide 8657?
False
Is 2028888 a multiple of 23?
False
Is 596138 a multiple of 7?
False
Does 1801 divide 5000039?
False
Is 1238820 a multiple of 95?
False
Is 3749065 a multiple of 671?
False
Is 44 a factor of 185240?
True
Is 29335 a multiple of 2?
False
Is 8 a factor of 116645?
False
Does 98 divide 42336?
True
Does 1035 divide 1893379?
False
Is 11 a factor of 39391?
True
Is 49 a factor of 7297?
False
Is 270 a factor of 9057420?
True
Does 36 divide 2105512?
False
Does 54 divide 3370842?
True
Is 10 a factor of 49826?
False
Does 25 divide 28500?
True
Is 4 a factor of 108199?
False
Is 89165 a multiple of 13?
False
Is 68 a factor of 279004?
True
Is 94374 a multiple of 21?
True
Is 4818574 a multiple of 28?
False
Is 29 a factor of 908405?
False
Is 103 a factor of 275216?
True
Is 2622464 a multiple of 8?
True
Is 462560 a multiple of 224?
True
Is 5360 a multiple of 8?
True
Is 504 a factor of 8644104?
True
Is 18 a factor of 1161111?
False
Is 225 a factor of 4375629?
False
Is 59 a factor of 330341?
True
Is 178 a factor of 983028?
False
Is 20 a factor of 285500?
True
Is 135 a factor of 3005057?
False
Does 82 divide 1293386?
True
Is 4170298 a multiple of 19?
False
Does 17 divide 19363446?
False
Is 4115232 a multiple of 433?
True
Is 96835 a multiple of 3?
False
Does 22 divide 7282?
True
Does 31 divide 35898?
True
Is 42 a factor of 238350?
True
Is 2417271 a multiple of 87?
False
Does 793 divide 3665246?
True
Does 18 divide 1863382?
False
Is 10 a factor of 725396?
False
Is 473 a factor of 279543?
True
Is 61 a factor of 6680415?
True
Is 4055018 a multiple of 979?
True
Does 72 divide 408739?
False
Is 100923 a multiple of 26?
False
Does 15 divide 911069?
False
Is 22 a factor of 482324?
False
Is 33 a factor of 807543?
True
Is 2049423 a multiple of 18?
False
Is 60 a factor of 94020?
True
Is 836 a factor of 349448?
True
Is 27 a factor of 17415?
True
Does 44 divide 635624?
True
Is 21 a factor of 158382?
True
Is 16 a factor of 6323387?
False
Is 18 a factor of 251774?
False
Is 1187471 a multiple of 56?
False
Does 12 divide 79188?
True
Is 18 a factor of 20013?
False
Is 13 a factor of 27066?
True
Is 123 a factor of 358668?
True
Is 41 a factor of 148452?
False
Does 11 divide 87818?
False
Is 8 a factor of 182269?
False
Is 613282 a multiple of 3?
False
Is 1566889 a multiple of 29?
False
Is 288353 a multiple of 13?
True
Is 28 a factor of 156772?
True
Is 75 a factor of 45975?
True
Does 129 divide 3496674?
True
Is 377 a factor of 40339?
True
Is 22 a factor of 126522?
True
Is 332 a factor of 14453952?
True
Is 57230 a multiple of 3?
False
Does 458 divide 1766145?
False
Does 56 divide 1583624?
True
Is 21 a factor of 4102812?
True
Is 78861 a multiple of 9?
False
Is 77976 a multiple of 54?
True
Is 87948 a multiple of 28?
True
Does 10 divide 1114520?
True
Does 144 divide 223488?
True
Is 967 a factor of 7993222?
True
Is 39528 a multiple of 18?
True
Is 904200 a multiple of 220?
True
Is 3830818 a multiple of 19?
True
Is 12900528 a multiple of 4?
True
Is 93 a factor of 4712403?
True
Is 3 a factor of 20887?
False
Is 95976 a multiple of 36?
True
Is 64 a factor of 464064?
True
Does 58 divide 434152?
False
Is 193 a factor of 69341?
False
Is 32 a factor of 540704?
True
Does 4 divide 1953364?
True
Does 120 divide 188173?
False
Does 160 divide 78339?
False
Is 110952 a multiple of 72?
True
Is 4122 a multiple of 45?
False
Does 